= 0. What is the highest common divisor of j and q?
4
Suppose p - 5 = 7. What is the greatest common factor of 4 and p?
4
Let y(m) = -m - 2*m + 2*m - 3*m. Let d be y(-1). What is the greatest common factor of d and 1?
1
Suppose t + 0*t = 4, l + 5*t + 18 = 0. Let w = -119 - l. Let i = 113 + w. What is the greatest common factor of 8 and i?
8
Suppose -5*s + 40 + 10 = 0. What is the greatest common divisor of 5 and s?
5
Let b = 505 + -494. Let p = -1 + 2. Calculate the highest common factor of b and p.
1
Let i be 11/3 + (-12)/18. Suppose 0 = -4*x + i*o + 45, 4*x - 5*o - 42 = x. Calculate the highest common factor of 45 and x.
9
Let c(s) = 43*s**2 + 2*s + 1. Let f be c(-1). Suppose -3*q + f = -9. Calculate the greatest common factor of q and 187.
17
Suppose 4*i - 4 = -4*f, -5*i - f - 19 = -2*f. Let z be (-2368)/(-12) + (-2)/i. What is the greatest common divisor of 18 and z?
18
Let l(d) = d + 7. Let b be (-4 - -3 - -1)/4. Let c be l(b). Suppose -u = -2 - 5. What is the greatest common divisor of u and c?
7
Let w = -39 + 84. Suppose 14*k + 45 = 19*k. Calculate the highest common divisor of k and w.
9
Let o(k) = -k - 4. Let q be o(5). Let i be (-42)/q + 6/(-9). Let d be (-6)/i*(-9 - 3). What is the highest common divisor of d and 12?
6
Suppose 2*q - 28 = 8. What is the highest common factor of 144 and q?
18
Let u = 32 + 64. Calculate the highest common divisor of u and 24.
24
Suppose -n - n + 148 = 0. Suppose -p - 59 = -3*b, -3*b + 3*p = -p - n. Let d = 50 - 23. What is the greatest common factor of b and d?
9
Let j = 324 + -180. What is the highest common divisor of j and 18?
18
Let u be 4*3*(-4)/(-8). Suppose -7*n + 82 = -4*n + 2*a, 3*a - u = 0. Let l = n + -7. What is the greatest common factor of 19 and l?
19
Let c(o) = o**2 + 11*o + 46. Let i be c(-5). Let r be (-8 + 1)/(-1) - -1. What is the highest common factor of i and r?
8
Suppose 7*k - 3*k + 5*n = 4, 0 = 2*k + 3*n. What is the highest common divisor of k and 66?
6
Let b(x) = 2*x**3 + 2*x**2 - 2*x + 92. Let q be b(0). Calculate the greatest common divisor of 23 and q.
23
Let z(k) = k**3 - k**2. Let n(c) = -c - 4. Let h be n(-6). Let s be z(h). Suppose -165 = -s*w + w. What is the greatest common factor of w and 11?
11
Let j(x) be the first derivative of x**2/2 - x + 7. Let l be j(6). Calculate the highest common factor of 5 and l.
5
Suppose -s - 10 - 5 = -k, 5*k - s - 91 = 0. Calculate the greatest common factor of k and 76.
19
Suppose 4*h + 7 = 3*z, 0*z = -h - z + 7. Let q(r) = r - 1. Let f be q(-2). Let u = 1 - f. What is the highest common divisor of u and h?
2
Suppose 201 = 2*s + 3*q + 33, -2*s - 2*q = -168. Calculate the highest common divisor of s and 56.
28
Suppose 2*k = -2*k + 640. What is the greatest common factor of k and 64?
32
Suppose 4*b + 0*b = 16. Let p(g) = 2 + 2*g + b - g + g**2. Let q be p(-6). What is the highest common factor of 9 and q?
9
Suppose -o - 381 = -4*o + 2*a, -a - 503 = -4*o. Calculate the highest common factor of o and 25.
25
Suppose 0 = r + 5, 25 + 64 = 4*f - 5*r. What is the greatest common divisor of f and 64?
16
Let v(i) = 63*i - 60. Let r be v(2). Let b(u) = 2*u - 6. Let l be b(6). Calculate the highest common divisor of l and r.
6
Suppose -30 = -3*f + a - 2*a, 3*f - 21 = -4*a. Let m(h) = 4*h + 1. Let v be m(2). Suppose -504 + v = -5*d. Calculate the highest common factor of f and d.
11
Suppose a = 1, -50 + 1 = -2*r - 5*a. Calculate the highest common factor of 2 and r.
2
Let u be (-5)/25 - 1428/(-15). Calculate the greatest common factor of u and 38.
19
Let a be (2 - 1)*-1 - -10. Suppose 11 + 14 = -5*o. Let y = 14 + o. Calculate the highest common factor of a and y.
9
Let y = -20 + 34. What is the greatest common divisor of 126 and y?
14
Suppose -16 = -i - i. Suppose 0*a - 171 = -3*a. Suppose 15 = o - a. Calculate the highest common divisor of i and o.
8
Let b be ((-2)/4)/(2/72). Let l = b + 32. What is the greatest common factor of l and 7?
7
Suppose h + 5*v - 50 = 0, -7 + 1 = -2*v. Calculate the greatest common divisor of 5 and h.
5
Let d(q) = q**2. Let j be d(-3). Let f = j + -6. Suppose r = f*r - 72. Calculate the greatest common factor of r and 18.
18
Suppose -3*u = -2*b + 142, -5*b - 2*u = 54 - 371. Calculate the greatest common divisor of b and 26.
13
Let p = -2 - -1. Let r be p + 1 - (2 - 2). Let s be (9 + -1)*12 + r. Calculate the greatest common factor of 12 and s.
12
Let s = 1 - -1. Let v(d) = 9 - d + s*d + 4*d**2 - 3 - 1. Let r be v(-4). Calculate the highest common factor of r and 26.
13
Let f = 17 + -1. What is the highest common factor of f and 96?
16
Let s = 244 - 68. Let j(q) = 3*q**2 - q + 1. Let v be j(1). Let c(i) = i**2 + 2*i + 1. Let b be c(v). What is the greatest common factor of s and b?
16
Let a be (-26)/(-4) + 0 + (-3)/2. Calculate the greatest common factor of a and 5.
5
Let f(x) = -x**3 - 11*x**2 - 16*x - 10. Let h = -27 + 17. Let o be f(h). Calculate the greatest common factor of 10 and o.
10
Let q be 99*(-1)/(24/(-56)). Suppose -x - 42 = -3*x. What is the greatest common factor of q and x?
21
Suppose 5*y - 17 + 2 = 0. Suppose -4*g = -y*g - 30. Let z = 39 + -24. Calculate the greatest common factor of z and g.
15
Suppose 194 - 9 = 5*z. What is the greatest common factor of 407 and z?
37
Let v = 12 - 0. Calculate the highest common factor of 132 and v.
12
Let z(n) = -n**2 + 7*n + 5. Let f be z(8). Let x be 2*5 - (-3 - f). Calculate the highest common divisor of x and 110.
10
Suppose 4*d - 24 = 4*v, 0*v - 2 = -v. Calculate the greatest common factor of 8 and d.
8
Let g = -9 - -9. Suppose 5*i + 2*d - 6*d - 59 = g, 3*i - 37 = 2*d. Calculate the greatest common divisor of 120 and i.
15
Let h = -28 + 182. Let c = 26 - 12. Calculate the greatest common factor of h and c.
14
Let k = 9 - 28. Let m = -13 - k. Calculate the greatest common factor of m and 12.
6
Suppose -10*k + 11*k = 1. Calculate the greatest common divisor of 5 and k.
1
Let i be 1*(-296)/(-4) - -3. Calculate the greatest common divisor of i and 7.
7
Let p(u) = 3*u + 5. Let o be p(6). Suppose o + 19 = 3*c. What is the greatest common factor of c and 154?
14
Let v(q) = -q + 44. Let d be v(15). What is the highest common factor of d and 145?
29
Let r = 53 + 387. Calculate the greatest common divisor of 40 and r.
40
Let d be (-6)/(-4)*16/12. Suppose -k + 44 = 3*k - 2*m, -5*k = -d*m - 54. Calculate the greatest common divisor of 50 and k.
10
Suppose 9*r - 4*r = -2*g + 95, r = -5*g + 226. What is the greatest common divisor of 30 and g?
15
Let w(y) = 17*y**2. Let o be w(1). Calculate the highest common factor of o and 153.
17
Let u(s) = -2*s + 2. Let p be u(-6). Suppose -4*k + 6 + p = -4*n, -4*k = n - 45. Calculate the greatest common divisor of 25 and k.
5
Let j(y) = y**3 + 9*y**2 + 3*y + 8. Let t be j(-8). Let h = 2 + 4. What is the highest common divisor of h and t?
6
Let p = 58 + -13. Calculate the highest common factor of 9 and p.
9
Let l(f) be the second derivative of -f + 5/12*f**4 + 0 - 1/20*f**5 - 2*f**2 + 1/3*f**3. Let w be l(5). Calculate the greatest common divisor of 6 and w.
6
Let y(s) = s**3 - 4*s**2 - s - 5. Let z be y(5). Suppose -20*i = -14*i - 36. Calculate the highest common factor of z and i.
3
Suppose -3*r = -3 + 30. Let g be 2/(-9) + (-65)/r. What is the greatest common divisor of g and 49?
7
Let l be ((-1)/4 - -2)*4. Suppose 0*p - p + l = 0. Let q = p - 4. Calculate the greatest common divisor of 21 and q.
3
Suppose -5*g = -21 - 19. Let k be (-4173)/(-52) - 2/g. Calculate the greatest common factor of k and 16.
16
Suppose -5*q - 8 = 2*n, q + 6 = 8*n - 4*n. Let p be n*(-1 + 5 + -3). Calculate the highest common factor of 11 and p.
1
Suppose 10*v = 14*v - 140. What is the greatest common factor of 280 and v?
35
Let i(n) = n - 1. Let r(h) = -4*h + 1. Let l(u) = -4*i(u) - 2*r(u). Let b be l(6). Let o be 772/20 - 2/(-5). What is the highest common factor of b and o?
13
Let w = -1 - -4. Suppose -2*l + 125 = w*l. What is the highest common divisor of l and 10?
5
Let b be 2*277 + (2 - 1). Suppose -531 = -3*h + 3*s, -3*h + b = -3*s + 8*s. Suppose u - h = -3*u. What is the highest common factor of u and 5?
5
Suppose -8*s + 4*s = -320. What is the greatest common divisor of s and 10?
10
Let o be 4/(0/1 - -2). Let y be 72/30*15/o. Suppose -2*d + 0 = -4. 